-851 - o. What is the units digit of w?
8
Suppose -2*f + w + 46770 = 0, -1515*w + 1519*w = 4*f - 93552. What is the hundreds digit of f?
3
Suppose -p + 32 = -3*b, b - p + 9 = -3. Let c be (38/3)/(b/(-15)). Suppose -5*n + 86 + c = 0. What is the tens digit of n?
2
Let b(f) = 12*f - 282. Let x be b(23). Let n(c) be the third derivative of -7*c**4/12 + 47*c**3/6 - 2*c**2. What is the hundreds digit of n(x)?
1
Let r = 10068 + -2173. What is the hundreds digit of r?
8
What is the hundreds digit of ((-188)/329)/(3 - 105695/35231)?
0
Let y = 70 - 68. Suppose -3*c - 293 = -y*c. Let f = c + 500. What is the tens digit of f?
0
Suppose 763 = 5*h - 4827. What is the tens digit of h?
1
Let n(t) = -3*t**2 - 9*t + 3. Let y be n(-3). Suppose 3*g - 2*u - 1260 = -4*u, -4*u = y*g - 1260. What is the hundreds digit of g?
4
Let k be (15/(-6))/((-1)/2). Let f(q) = -2*q**3 + 32*q**2 + 51*q + 35. Let d be f(17). Suppose 71 = k*b - d. What is the tens digit of b?
7
Let u(j) = -2*j**2 + 78*j - 72. Let r be u(38). Suppose 3*b = r*m + 4598, 5*b - 7672 = m - 3*m. What is the hundreds digit of b?
5
Let x(t) = t**2 + 7*t - 12. Let b be x(3). Let l(z) = -3*z + 24 + 2*z + 4*z - z**3 + 18*z**2. What is the tens digit of l(b)?
7
Suppose -2*u = -45391 - 56373. What is the tens digit of u?
8
Suppose -2*u + 6538 = 4*y, 6 - 9 = 3*u. What is the hundreds digit of y?
6
Let r(h) = -7*h**2 - 74*h - 10. Suppose 0 = -z - 23 + 16. What is the hundreds digit of r(z)?
1
Let u(l) = -101*l - 49. Let h = -356 - -348. What is the units digit of u(h)?
9
Suppose -24 = 4*x, 12*r + 7*x = 10*x + 21702. What is the units digit of r?
7
What is the units digit of 75/(-5) + 6 + 6563?
4
Let t(a) = a**3 + 87*a**2 + 52*a - 131. What is the tens digit of t(-82)?
2
Suppose 0 = -5*a + b + 25330, -a + 5276 = -3*b + 224. What is the units digit of a?
7
Let h(a) = a + 32. Let z = 130 - 130. Let u be h(z). Let r = u - 17. What is the tens digit of r?
1
Let g(s) = -s**3 - 16*s**2 - 25*s + 9. Let u = -40 - -25. Let f be g(u). Let b = -63 + f. What is the tens digit of b?
9
What is the units digit of (1 - -23683) + (-26 - -29)?
7
Let c(q) = 2*q**2 + 14*q - 18. Let t be c(-14). Let a be t*(-1 + (-2)/(-1)). Let p = a + -91. What is the units digit of p?
7
Let f = 20 + -13. Suppose -f*c - 1100 = -2*c. What is the tens digit of ((-69)/(-15) - 5)*c?
8
Let d(p) = 15*p + 8. Let m be d(-2). Let l = 24 + m. Suppose -4*f - f - 80 = -l*r, 233 = 5*r + 4*f. What is the tens digit of r?
4
Let z(a) = a**2 + 8*a - 9. Let y be z(-9). Suppose 4*u - 358 = -2*r, -5*r + r - 2*u + 686 = y. What is the tens digit of r?
6
Let l be (270/(-9))/((-4)/14). Suppose -f = -207 - l. Suppose 2*w = -2*w + f. What is the units digit of w?
8
Let t = 0 + 4. Suppose -t*m + 81 = 3*w, -2*w - 3*w - 4*m + 127 = 0. Let x = w - 7. What is the tens digit of x?
1
Let t = -1 - -11. Let u(x) = -x + 15. Let v be u(t). Suppose 3*r = 16 + v. What is the units digit of r?
7
Suppose 8*t - 6*t + 2*x - 170 = 0, 0 = 3*t + 5*x - 265. Suppose 5*n = 3*j + 2*j + t, 0 = -3*j - 9. Suppose 0 = 8*u - n*u + 995. What is the tens digit of u?
9
Suppose -150175 = -83*c + 58*c. What is the hundreds digit of c?
0
Suppose l - 5*n - 31812 = -6584, 2*l - n = 50510. What is the thousands digit of l?
5
Suppose -5 = -22*z + 21*z. Suppose 0 = z*h + 10, 16*t - 11*t - h - 3352 = 0. What is the units digit of t?
0
Let v(w) = 8*w**2 + 15*w - 1. Let x(a) = a**3 - 8*a**2 - a + 4. Let f be x(8). Let c be (f - -1)/(-2*2/4). What is the tens digit of v(c)?
1
Suppose -5*t = -5*f + 620, 620 = -t - 4*t - f. Let l = t - -188. Let n = l - -55. What is the units digit of n?
9
Suppose 8*r + 10 = 13*r. Suppose -i - 2*i - 16 = -r*q, 5*q = -3*i + 19. Suppose x - 44 = 3*t, -3*t - t + 201 = q*x. What is the units digit of x?
1
Let v(c) = 9*c**2 + 13 - c - 2*c + 2*c + c**2. Let f be v(-7). Suppose 3*o = 8*o - f. What is the tens digit of o?
0
Let t(j) = 730*j + j**2 - 718*j + 167 + 72. What is the tens digit of t(-44)?
4
Let s(w) = w**3 + 73*w**2 - 14*w - 114. What is the tens digit of s(-71)?
6
Let m = -136 + 142. Suppose -m*b = -b - 1785. What is the hundreds digit of b?
3
Let o be ((-9)/9)/((-1)/(-3)). Let i(v) = v**3 + 4*v**2 - v. What is the units digit of i(o)?
2
Let h be (-19 - -14) + 12 + 1. Suppose -h = -2*k, 3*a + 3*k = 100 + 575. What is the units digit of a?
1
What is the units digit of (-135)/(-18)*(-54348)/(-30)?
7
Suppose -3 = -t - 2*b + 3, -57 = -5*t - b. Let m(h) = h**3 - 10*h**2 - 22*h + 2. Let d be m(t). What is the units digit of (-4)/(-26) - (-672)/d?
6
Suppose 0 = 2*b + 49*d - 54*d - 53460, 4*b - 5*d = 106940. What is the ten thousands digit of b?
2
Let x(p) = -31 + 113 - 35 - 22 + 13*p**2 + 11*p. What is the hundreds digit of x(-5)?
2
Let a be ((-4)/(-9))/((-26)/(-117)). Suppose 0*s + 212 = a*s + 4*f, -3*s + 303 = 3*f. Suppose -5*y + s = -3*y. What is the tens digit of y?
4
Let c be ((-12)/7)/(19800/(-9898) - -2). Suppose -11*z + c = -5*z. What is the units digit of z?
7
Let f(y) = y**3 + 19*y**2 - 41*y - 42. Let l be f(-20). What is the units digit of l - (1 + (4 - 1) + -3)?
7
Let p(d) = 5*d**3 - d**2 + 6*d - 1. Let k = -65 - -70. Let q be p(k). Suppose -5*b + 610 = 4*z, 4*b = 4*z + 1 - q. What is the units digit of z?
5
What is the units digit of -3*(571687/(-33) - ((-720)/88 + 8))?
1
Let i = 2774 + 151. What is the thousands digit of i?
2
Let t = 9 - 54. Let b = -45 - t. Suppose 2*g + 0*g = -2*w + 136, -w - 4*g + 71 = b. What is the tens digit of w?
6
Suppose 6*v + 35688 = 6*v + 3*v. What is the thousands digit of v?
1
Let b(j) = 17*j + 52. Let l(y) = 18*y + 49. Let n(g) = 2*b(g) - 3*l(g). What is the units digit of n(-22)?
7
Let x(d) be the first derivative of d**4/4 - d**3/3 + d**2/2 + 109*d - 2. Suppose -3*w - 6 = 3*s, 0 = 34*w - 37*w + 4*s + 8. What is the tens digit of x(w)?
0
Let w = 194 - -21. Suppose 45*o - 43*o - 602 = 0. Let d = o - w. What is the units digit of d?
6
Let l(i) = 3*i + 42. Let u be l(-13). Suppose 25 + u = -4*a. What is the units digit of (-418)/((-4 - a) + -5)?
9
Let y = 393 + -1431. Let a = y - -1497. What is the tens digit of a?
5
What is the ten thousands digit of (-64483)/(-12)*36/8 + 4/(-32)?
2
Let p = 4127 - 515. What is the hundreds digit of p?
6
Let r(k) = 18*k**2 + 9*k - 9. Let q be r(2). What is the tens digit of (q/2 - 27/(-18))/2?
2
Let c be (-225)/135 + (7414/6 - 2). Suppose -20*f + 31*f - c = 0. What is the units digit of f?
2
Suppose -24*r + 104382 = -6*r. What is the units digit of r?
9
Let f(n) be the second derivative of 7*n**4/12 - 17*n**3/3 - 21*n**2/2 + 149*n. What is the tens digit of f(11)?
5
Let x be (-1)/(-1) + (0 - (-5 + -654)). What is the hundreds digit of x/88*(-284)/(-5)?
4
Suppose 40 = 4*l + 8. Suppose 0 = l*r + 3 - 27. Suppose r*y + 5*p = 108, -2*y - p = 2*p - 72. What is the units digit of y?
6
Let k(a) = a**3 + 15*a**2 - 24*a - 47. Suppose 0 = 10*f - 16*f - 84. What is the units digit of k(f)?
5
Suppose 123669 + 184380 = -112*q + 133*q. What is the ten thousands digit of q?
1
Suppose 38*m = 35*m + 48. Suppose m*j + 881 = 2225. What is the units digit of j?
4
Let s(o) = 828*o**2 - 23*o - 80. What is the thousands digit of s(-4)?
3
Suppose -29*y - 13*y = 94*y - 38488. What is the hundreds digit of y?
2
Suppose 4*o = -247 + 15. Let g = 13 + o. What is the units digit of -142*g/42 + 8/(-56)?
2
Suppose 0*q - 2*q = -4. Let r(i) = i**2 - 5*i - 456. Let t be r(-19). Suppose -2*h - 3*b + 103 = t, 41 = 2*h - h - q*b. What is the tens digit of h?
4
Let n be (0 + 1503/(-12))/(69/(-368)). Suppose -b + 4845 = 5*u + 1499, u - n = b. What is the units digit of u?
9
Let n(k) = -9*k + 199. Let b be n(20). Let c(p) = 5*p**2 - 83*p - 4. What is the tens digit of c(b)?
2
Let d(z) = -4*z**2 + 10*z - 1. Let h be d(2). Suppose -4*w = -15 - 1, 5*a = -h*w + 1692. What is the tens digit of a?
3
Let g(x) = 3*x + 57. Let b be g(-22). Let r(h) = h**2 + 16*h + 73. Let t be r(b). Suppose t*l - 1591 = 499. What is the hundreds digit of l?
2
Suppose -317646 = -58*s - 79962. What is the hundreds digit of s?
0
What is the hundreds digit of (1/9 + (-441)/(-405))/(4/1690)?
5
Suppose 0 = -6*l - 71417 + 204167. What is the ten thousands digit of l?
2
Suppose 2*o = 2*m + 8, 3*o - m - 6 = o. Suppose 4*i = -3*j + 2*j - 7, -7 = -i - 2*j. What is the units digit of (-